{"id":24390,"date":"2018-11-23T15:01:53","date_gmt":"2018-11-23T12:01:53","guid":{"rendered":"http:\/\/democontent.codex-themes.com\/sites\/business-consulting\/?page_id=24390"},"modified":"2024-06-12T02:08:52","modified_gmt":"2024-06-12T02:08:52","slug":"contact-us","status":"publish","type":"page","link":"https:\/\/wp.jerplan.com.mx\/index.php\/contact-us\/","title":{"rendered":"Contacto"},"content":{"rendered":"<div class=\"wpb-content-wrapper\"><p>[vc_row full_width=\u00bbstretch_row_content_no_spaces\u00bb css=\u00bb.vc_custom_1458141711301{margin-bottom: 0px !important;}\u00bb][vc_column css=\u00bb.vc_custom_1461417063512{padding-top: 0px !important;}\u00bb][vc_gmaps link=\u00bb#E-8_JTNDaWZyYW1lJTIwc3JjJTNEJTIyaHR0cHMlM0ElMkYlMkZ3d3cuZ29vZ2xlLmNvbSUyRm1hcHMlMkZlbWJlZCUzRnBiJTNEJTIxMW0xOCUyMTFtMTIlMjExbTMlMjExZDM3MzQuMTk2NzA3NjE2OTMxJTIxMmQtMTAzLjQyNjU5OTA4ODQ5MTI2JTIxM2QyMC42MjA4Mzc0MDE1ODM0MyUyMTJtMyUyMTFmMCUyMTJmMCUyMTNmMCUyMTNtMiUyMTFpMTAyNCUyMTJpNzY4JTIxNGYxMy4xJTIxM20zJTIxMW0yJTIxMXMweDg0MjhhYzVjNTljZDE4YmQlMjUzQTB4N2EyOGU1YTUzOTJjYjBhZiUyMTJzR3J1cG8lMjUyMEplcnBsYW4lMjE1ZTAlMjEzbTIlMjExc2VzLTQxOSUyMTJzbXglMjE0djE3MTc3MTM3MzQzNDQlMjE1bTIlMjExc2VzLTQxOSUyMTJzbXglMjIlMjB3aWR0aCUzRCUyMjYwMCUyMiUyMGhlaWdodCUzRCUyMjQ1MCUyMiUyMHN0eWxlJTNEJTIyYm9yZGVyJTNBMCUzQiUyMiUyMGFsbG93ZnVsbHNjcmVlbiUzRCUyMiUyMiUyMGxvYWRpbmclM0QlMjJsYXp5JTIyJTIwcmVmZXJyZXJwb2xpY3klM0QlMjJuby1yZWZlcnJlci13aGVuLWRvd25ncmFkZSUyMiUzRSUzQyUyRmlmcmFtZSUzRQ==\u00bb size=\u00bb600&#8243; css=\u00bb\u00bb][\/vc_column][\/vc_row][vc_row css=\u00bb.vc_custom_1458198549877{margin-bottom: 0px !important;}\u00bb][vc_column][vc_row_inner][vc_column_inner offset=\u00bbvc_hidden-xs\u00bb]<div class=\"clearboth\"><\/div><style>#thegem-divider-69f88afec2476 {margin-top: 103px !important;}<\/style><div id=\"thegem-divider-69f88afec2476\" class=\"gem-divider  \" style=\"\" ><\/div>[\/vc_column_inner][\/vc_row_inner][vc_column_text css=\u00bb\u00bb css_animation=\u00bbbottom-to-top\u00bb]<\/p>\n<h2 style=\"text-align: center;\">informaci\u00f3n de Contacto<\/h2>\n<p>[\/vc_column_text][vc_row_inner][vc_column_inner offset=\u00bbvc_hidden-xs\u00bb]<div class=\"clearboth\"><\/div><style>#thegem-divider-69f88afec249c {margin-top: 75px !important;}<\/style><div id=\"thegem-divider-69f88afec249c\" class=\"gem-divider  \" style=\"\" ><\/div>[\/vc_column_inner][\/vc_row_inner][vc_row_inner el_class=\u00bbh_row\u00bb][vc_column_inner width=\u00bb1\/4&#8243; css=\u00bb.vc_custom_1461419262544{padding-right: 0px !important;padding-left: 0px !important;background-color: #8781bd !important;}\u00bb]<div class=\"lazy-loading\" data-ll-item-delay=\"0\"><div class=\"gem-textbox  lazy-loading-item centered-box\"  data-ll-effect=\"move-up\" ><div class=\"gem-textbox-inner\" style=\"\"><div class=\"gem-textbox-content\" style=\"background-position: center top;padding-top: 43px;padding-bottom: 47px;\"><div class=\"centered-box\"><div class=\"gem-icon gem-icon-pack-elegant gem-icon-size-medium  gem-icon-shape-square gem-simple-icon\"  style=\"opacity: 1;\"><div class=\"gem-icon-inner\" style=\"\"><span class=\"gem-icon-half-1\" style=\"color: #ffffff;\"><span class=\"back-angle\">&#xe01d;<\/span><\/span><span class=\"gem-icon-half-2\" style=\"color: #ffffff;\"><span class=\"back-angle\">&#xe01d;<\/span><\/span><\/div><\/div><\/div><div class=\"clearboth\"><\/div><style>#thegem-divider-69f88afec25a6 {margin-top: 30px !important;}<\/style><div id=\"thegem-divider-69f88afec25a6\" class=\"gem-divider  \" style=\"\" ><\/div>[vc_column_text css=\u00bb\u00bb]<\/p>\n<div class=\"title-h5\" style=\"text-align: center;\"><span class=\"light\" style=\"color: #ffffff;\">Direcci\u00f3n<\/span><\/div>\n<p>[\/vc_column_text]<div class=\"clearboth\"><\/div><style>#thegem-divider-69f88afec25c6 {margin-top: 10px !important;}<\/style><div id=\"thegem-divider-69f88afec25c6\" class=\"gem-divider  \" style=\"\" ><\/div>[vc_column_text css=\u00bb\u00bb]<\/p>\n<div style=\"text-align: center;\"><span style=\"color: #ffffff;\">Av. Las Fuentes 11A, Col. Las Fuentes, Zapopan Jalisco<\/span><\/div>\n<p>[\/vc_column_text]<\/div><\/div><\/div><\/div>[\/vc_column_inner][vc_column_inner width=\u00bb1\/4&#8243; css=\u00bb.vc_custom_1458216798807{background-color: #42abd6 !important;}\u00bb]<div class=\"lazy-loading\" data-ll-item-delay=\"0\"><div class=\"gem-textbox  lazy-loading-item centered-box\"  data-ll-effect=\"move-up\" ><div class=\"gem-textbox-inner\" style=\"\"><div class=\"gem-textbox-content\" style=\"background-position: center top;padding-top: 43px;padding-bottom: 47px;\"><div class=\"centered-box\"><div class=\"gem-icon gem-icon-pack-elegant gem-icon-size-medium  gem-icon-shape-square gem-simple-icon\"  style=\"opacity: 1;\"><div class=\"gem-icon-inner\" style=\"\"><span class=\"gem-icon-half-1\" style=\"color: #ffffff;\"><span class=\"back-angle\">&#xe027;<\/span><\/span><span class=\"gem-icon-half-2\" style=\"color: #ffffff;\"><span class=\"back-angle\">&#xe027;<\/span><\/span><\/div><\/div><\/div><div class=\"clearboth\"><\/div><style>#thegem-divider-69f88afec2697 {margin-top: 30px !important;}<\/style><div id=\"thegem-divider-69f88afec2697\" class=\"gem-divider  \" style=\"\" ><\/div>[vc_column_text css=\u00bb\u00bb]<\/p>\n<div class=\"title-h5\" style=\"text-align: center;\"><span class=\"light\" style=\"color: #ffffff;\">tel\u00e9fono<\/span><\/div>\n<p>[\/vc_column_text]<div class=\"clearboth\"><\/div><style>#thegem-divider-69f88afec26ac {margin-top: 10px !important;}<\/style><div id=\"thegem-divider-69f88afec26ac\" class=\"gem-divider  \" style=\"\" ><\/div>[vc_column_text css=\u00bb\u00bb]<\/p>\n<div style=\"text-align: center;\"><span class=\"light\" style=\"color: #ffffff;\">+52 33 3632 2099<\/span><\/div>\n<p>[\/vc_column_text]<\/div><\/div><\/div><\/div>[\/vc_column_inner][vc_column_inner width=\u00bb1\/4&#8243; css=\u00bb.vc_custom_1458216808629{background-color: #6fc8bf !important;}\u00bb]<div class=\"lazy-loading\" data-ll-item-delay=\"0\"><div class=\"gem-textbox  lazy-loading-item centered-box\"  data-ll-effect=\"move-up\" ><div class=\"gem-textbox-inner\" style=\"\"><div class=\"gem-textbox-content\" style=\"background-position: center top;padding-top: 43px;padding-bottom: 47px;\"><div class=\"centered-box\"><div class=\"gem-icon gem-icon-pack-elegant gem-icon-size-medium  gem-icon-shape-square gem-simple-icon\"  style=\"opacity: 1;\"><div class=\"gem-icon-inner\" style=\"\"><span class=\"gem-icon-half-1\" style=\"color: #ffffff;\"><span class=\"back-angle\">&#x62;<\/span><\/span><span class=\"gem-icon-half-2\" style=\"color: #ffffff;\"><span class=\"back-angle\">&#x62;<\/span><\/span><\/div><\/div><\/div><div class=\"clearboth\"><\/div><style>#thegem-divider-69f88afec2731 {margin-top: 30px !important;}<\/style><div id=\"thegem-divider-69f88afec2731\" class=\"gem-divider  \" style=\"\" ><\/div>[vc_column_text css=\u00bb\u00bb]<\/p>\n<div class=\"title-h5\" style=\"text-align: center;\"><span class=\"light\" style=\"color: #ffffff;\">whatsapp<\/span><\/div>\n<p>[\/vc_column_text]<div class=\"clearboth\"><\/div><style>#thegem-divider-69f88afec2742 {margin-top: 10px !important;}<\/style><div id=\"thegem-divider-69f88afec2742\" class=\"gem-divider  \" style=\"\" ><\/div>[vc_column_text css=\u00bb\u00bb]<\/p>\n<div style=\"text-align: center;\"><span class=\"light\" style=\"color: #ffffff;\">+52 1 33 1346 7533<\/span><\/div>\n<p>[\/vc_column_text]<\/div><\/div><\/div><\/div>[\/vc_column_inner][vc_column_inner width=\u00bb1\/4&#8243; css=\u00bb.vc_custom_1458216818757{background-color: #a3d070 !important;}\u00bb]<div class=\"lazy-loading\" data-ll-item-delay=\"0\"><div class=\"gem-textbox  lazy-loading-item centered-box\"  data-ll-effect=\"move-up\" ><div class=\"gem-textbox-inner\" style=\"\"><div class=\"gem-textbox-content\" style=\"background-position: center top;padding-top: 43px;padding-bottom: 47px;\"><div class=\"centered-box\"><div class=\"gem-icon gem-icon-pack-elegant gem-icon-size-medium  gem-icon-shape-square gem-simple-icon\"  style=\"opacity: 1;\"><div class=\"gem-icon-inner\" style=\"\"><span class=\"gem-icon-half-1\" style=\"color: #ffffff;\"><span class=\"back-angle\">&#xe010;<\/span><\/span><span class=\"gem-icon-half-2\" style=\"color: #ffffff;\"><span class=\"back-angle\">&#xe010;<\/span><\/span><\/div><\/div><\/div><div class=\"clearboth\"><\/div><style>#thegem-divider-69f88afec27b1 {margin-top: 30px !important;}<\/style><div id=\"thegem-divider-69f88afec27b1\" class=\"gem-divider  \" style=\"\" ><\/div>[vc_column_text]<\/p>\n<div class=\"title-h5\" style=\"text-align: center;\"><span class=\"light\" style=\"color: #ffffff;\">email<\/span><\/div>\n<p>[\/vc_column_text]<div class=\"clearboth\"><\/div><style>#thegem-divider-69f88afec27c0 {margin-top: 10px !important;}<\/style><div id=\"thegem-divider-69f88afec27c0\" class=\"gem-divider  \" style=\"\" ><\/div>[vc_column_text css=\u00bb\u00bb]<\/p>\n<div style=\"text-align: center;\">\n<p><span style=\"color: #ffffff;\">grupoconstructor@jerplan.com<\/span><\/div>\n<p>[\/vc_column_text]<\/div><\/div><\/div><\/div>[\/vc_column_inner][\/vc_row_inner]<div class=\"clearboth\"><\/div><style>#thegem-divider-69f88afec27d8 {margin-top: 80px !important;}<\/style><div id=\"thegem-divider-69f88afec27d8\" class=\"gem-divider  \" style=\"\" ><\/div>[\/vc_column][\/vc_row][vc_row css=\u00bb.vc_custom_1542979623216{margin-bottom: 0px !important;}\u00bb][vc_column]<div id=\"fullwidth-block-69f88afec2a06\" class=\"fullwidth-block fullwidth-block-parallax-vertical clearfix\" data-mobile-parallax-enable=\"0\" style=\"\"><script type=\"text\/javascript\">if (typeof(gem_fix_fullwidth_position) == \"function\") { gem_fix_fullwidth_position(document.getElementById(\"fullwidth-block-69f88afec2a06\")); }<\/script><div class=\"fullwidth-block-background\" style=\"background-image: url(https:\/\/wp.jerplan.com.mx\/wp-content\/uploads\/2018\/11\/2-parallax.jpg);background-repeat: no-repeat; background-size: cover;background-position: center top;\"><\/div><div class=\"fullwidth-block-inner\"><div class=\"container\">[vc_row_inner][vc_column_inner offset=\u00bbvc_hidden-xs\u00bb]<div class=\"clearboth\"><\/div><style>#thegem-divider-69f88afec2abb {margin-top: 115px !important;}<\/style><div id=\"thegem-divider-69f88afec2abb\" class=\"gem-divider  \" style=\"\" ><\/div>[\/vc_column_inner][\/vc_row_inner][vc_column_text css=\u00bb\u00bb css_animation=\u00bbbottom-to-top\u00bb]<\/p>\n<h2 class=\"title-h1\" style=\"text-align: center;\"><span style=\"color: #ffffff;\">Nuestras oficinas<\/span><\/h2>\n<p>[\/vc_column_text]<div class=\"clearboth\"><\/div><style>#thegem-divider-69f88afec2ad6 {margin-top: 40px !important;}<\/style><div id=\"thegem-divider-69f88afec2ad6\" class=\"gem-divider  \" style=\"\" ><\/div>[vc_row_inner][vc_column_inner disable_custom_paddings_tablet=\u00bbtrue\u00bb disable_custom_paddings_mobile=\u00bbtrue\u00bb css=\u00bb.vc_custom_1542976584620{padding-right: 170px !important;padding-left: 170px !important;}\u00bb][vc_column_text css=\u00bb\u00bb css_animation=\u00bbbottom-to-top\u00bb]<\/p>\n<div style=\"text-align: center;\"><span style=\"color: #ffffff;\">\u00a0Operamos en todo el pa\u00eds, principalmente en el oeste, centro-norte (El Baj\u00edo) y centro del pa\u00eds<\/span><\/div>\n<p>[\/vc_column_text][\/vc_column_inner][\/vc_row_inner]<div class=\"clearboth\"><\/div><style>#thegem-divider-69f88afec2ae6 {margin-top: 55px !important;}<\/style><div id=\"thegem-divider-69f88afec2ae6\" class=\"gem-divider  \" style=\"\" ><\/div>[vc_row_inner][vc_column_inner el_class=\u00bbquick\u00bb width=\u00bb1\/4&#8243; css=\u00bb.vc_custom_1461582506541{padding-right: 0px !important;padding-left: 0px !important;}\u00bb]<div class=\"lazy-loading\" data-ll-item-delay=\"0\"><div class=\"gem-textbox  lazy-loading-item centered-box\"  data-ll-effect=\"move-up\" ><div class=\"gem-textbox-inner\" style=\"\"><div class=\"gem-textbox-content\" style=\"background-position: center top;padding-left: 21px;padding-right: 21px;\"><div class=\"centered-box\"><div class=\"gem-icon gem-icon-pack-material gem-icon-size-small  gem-icon-shape-circle\"  style=\"border-color: #00d4aa;margin-bottom: 60px;opacity: 1;\"><div class=\"gem-icon-inner\" style=\"background-color: #00d4aa;\"><span class=\"gem-icon-half-1\" style=\"color: #ffffff;\"><span class=\"back-angle\">&#xf3e4;<\/span><\/span><span class=\"gem-icon-half-2\" style=\"color: #ffffff;\"><span class=\"back-angle\">&#xf3e4;<\/span><\/span><\/div><\/div><\/div>[vc_column_text css=\u00bb\u00bb]<\/p>\n<div class=\"title-h5\" style=\"text-align: center;\"><span style=\"color: #00d4aa;\">jalisco<\/span><\/div>\n<p>[\/vc_column_text][vc_column_text css=\u00bb.vc_custom_1718156544421{margin-top: -10px !important;}\u00bb]<\/p>\n<div class=\"title-h6\" style=\"text-align: center;\"><span class=\"light\" style=\"color: #ffffff;\">oficinas generales<\/span><\/div>\n<p>[\/vc_column_text]<div class=\"clearboth\"><\/div><style>#thegem-divider-69f88afec2b4c {margin-top: 35px !important;}<\/style><div id=\"thegem-divider-69f88afec2b4c\" class=\"gem-divider  \" style=\"\" ><\/div><\/div><\/div><\/div><\/div>[\/vc_column_inner][vc_column_inner el_class=\u00bbquick\u00bb width=\u00bb1\/4&#8243; css=\u00bb.vc_custom_1461582523257{padding-right: 0px !important;padding-left: 0px !important;}\u00bb]<div class=\"lazy-loading\" data-ll-item-delay=\"0\"><div class=\"gem-textbox  lazy-loading-item centered-box\"  data-ll-effect=\"move-up\" ><div class=\"gem-textbox-inner\" style=\"\"><div class=\"gem-textbox-content\" style=\"background-position: center top;padding-left: 21px;padding-right: 21px;\"><div class=\"centered-box\"><div class=\"gem-icon gem-icon-pack-material gem-icon-size-small  gem-icon-shape-circle\"  style=\"border-color: #00bcd4;margin-bottom: 60px;opacity: 1;\"><div class=\"gem-icon-inner\" style=\"background-color: #00bcd4;\"><span class=\"gem-icon-half-1\" style=\"color: #ffffff;\"><span class=\"back-angle\">&#xf3e4;<\/span><\/span><span class=\"gem-icon-half-2\" style=\"color: #ffffff;\"><span class=\"back-angle\">&#xf3e4;<\/span><\/span><\/div><\/div><\/div>[vc_column_text css=\u00bb\u00bb]<\/p>\n<div class=\"title-h5\" style=\"text-align: center;\"><span style=\"color: #00bcd4;\">queretaro<\/span><\/div>\n<p>[\/vc_column_text][vc_column_text css=\u00bb.vc_custom_1718156563554{margin-top: -10px !important;}\u00bb]<\/p>\n<div class=\"title-h6\" style=\"text-align: center;\"><span class=\"light\" style=\"color: #ffffff;\">oficina<\/span><\/div>\n<p>[\/vc_column_text]<div class=\"clearboth\"><\/div><style>#thegem-divider-69f88afec2bb5 {margin-top: 35px !important;}<\/style><div id=\"thegem-divider-69f88afec2bb5\" class=\"gem-divider  \" style=\"\" ><\/div><\/div><\/div><\/div><\/div>[\/vc_column_inner][vc_column_inner el_class=\u00bbquick\u00bb width=\u00bb1\/4&#8243; css=\u00bb.vc_custom_1461582584439{padding-right: 0px !important;padding-left: 0px !important;}\u00bb]<div class=\"lazy-loading\" data-ll-item-delay=\"0\"><div class=\"gem-textbox  lazy-loading-item centered-box\"  data-ll-effect=\"move-up\" ><div class=\"gem-textbox-inner\" style=\"\"><div class=\"gem-textbox-content\" style=\"background-position: center top;padding-left: 21px;padding-right: 21px;\"><div class=\"centered-box\"><div class=\"gem-icon gem-icon-pack-material gem-icon-size-small  gem-icon-shape-circle\"  style=\"border-color: #28b4ff;margin-bottom: 60px;opacity: 1;\"><div class=\"gem-icon-inner\" style=\"background-color: #28b4ff;\"><span class=\"gem-icon-half-1\" style=\"color: #ffffff;\"><span class=\"back-angle\">&#xf3e4;<\/span><\/span><span class=\"gem-icon-half-2\" style=\"color: #ffffff;\"><span class=\"back-angle\">&#xf3e4;<\/span><\/span><\/div><\/div><\/div>[vc_column_text css=\u00bb\u00bb]<\/p>\n<div class=\"title-h5\" style=\"text-align: center;\"><span style=\"color: #28b4ff;\">estado de m\u00e9xico<\/span><\/div>\n<p>[\/vc_column_text][vc_column_text css=\u00bb.vc_custom_1718156576903{margin-top: -10px !important;}\u00bb]<\/p>\n<div class=\"title-h6\" style=\"text-align: center;\"><span class=\"light\" style=\"color: #ffffff;\">oficina<\/span><\/div>\n<p>[\/vc_column_text]<div class=\"clearboth\"><\/div><style>#thegem-divider-69f88afec2c18 {margin-top: 35px !important;}<\/style><div id=\"thegem-divider-69f88afec2c18\" class=\"gem-divider  \" style=\"\" ><\/div><\/div><\/div><\/div><\/div>[\/vc_column_inner][vc_column_inner el_class=\u00bbquick\u00bb width=\u00bb1\/4&#8243; css=\u00bb.vc_custom_1461582599425{padding-right: 0px !important;padding-left: 0px !important;}\u00bb]<div class=\"lazy-loading\" data-ll-item-delay=\"0\"><div class=\"gem-textbox  lazy-loading-item centered-box\"  data-ll-effect=\"move-up\" ><div class=\"gem-textbox-inner\" style=\"\"><div class=\"gem-textbox-content\" style=\"background-position: center top;padding-left: 21px;padding-right: 21px;\"><div class=\"centered-box\"><div class=\"gem-icon gem-icon-pack-material gem-icon-size-small  gem-icon-shape-circle\"  style=\"border-color: #9869d7;margin-bottom: 60px;opacity: 1;\"><div class=\"gem-icon-inner\" style=\"background-color: #9869d7;\"><span class=\"gem-icon-half-1\" style=\"color: #ffffff;\"><span class=\"back-angle\">&#xf3e4;<\/span><\/span><span class=\"gem-icon-half-2\" style=\"color: #ffffff;\"><span class=\"back-angle\">&#xf3e4;<\/span><\/span><\/div><\/div><\/div>[vc_column_text css=\u00bb\u00bb]<\/p>\n<div class=\"title-h5\" style=\"text-align: center;\"><span style=\"color: #9869d7;\">cdmx<\/span><\/div>\n<p>[\/vc_column_text][vc_column_text css=\u00bb.vc_custom_1718156594979{margin-top: -10px !important;}\u00bb]<\/p>\n<div class=\"title-h6\" style=\"text-align: center;\"><span class=\"light\" style=\"color: #ffffff;\">oficina<\/span><\/div>\n<p>[\/vc_column_text]<div class=\"clearboth\"><\/div><style>#thegem-divider-69f88afec2c7a {margin-top: 35px !important;}<\/style><div id=\"thegem-divider-69f88afec2c7a\" class=\"gem-divider  \" style=\"\" ><\/div><\/div><\/div><\/div><\/div>[\/vc_column_inner][\/vc_row_inner][vc_row_inner][vc_column_inner offset=\u00bbvc_hidden-xs\u00bb]<div class=\"clearboth\"><\/div><style>#thegem-divider-69f88afec2c91 {margin-top: 65px !important;}<\/style><div id=\"thegem-divider-69f88afec2c91\" class=\"gem-divider  \" style=\"\" ><\/div>[\/vc_column_inner][\/vc_row_inner]<\/div><\/div><\/div>[\/vc_column][\/vc_row][vc_row css_animation=\u00bbfadeIn\u00bb css=\u00bb.vc_custom_1543846513720{margin-bottom: 0px !important;}\u00bb][vc_column css=\u00bb.vc_custom_1461336118881{padding-top: 0px !important;}\u00bb][\/vc_column][\/vc_row]<\/p>\n<\/div>","protected":false},"excerpt":{"rendered":"<p>[vc_row full_width=\u00bbstretch_row_content_no_spaces\u00bb css=\u00bb.vc_custom_1458141711301{margin-bottom: 0px !important;}\u00bb][vc_column css=\u00bb.vc_custom_1461417063512{padding-top: 0px !important;}\u00bb][vc_gmaps link=\u00bb#E-8_JTNDaWZyYW1lJTIwc3JjJTNEJTIyaHR0cHMlM0ElMkYlMkZ3d3cuZ29vZ2xlLmNvbSUyRm1hcHMlMkZlbWJlZCUzRnBiJTNEJTIxMW0xOCUyMTFtMTIlMjExbTMlMjExZDM3MzQuMTk2NzA3NjE2OTMxJTIxMmQtMTAzLjQyNjU5OTA4ODQ5MTI2JTIxM2QyMC42MjA4Mzc0MDE1ODM0MyUyMTJtMyUyMTFmMCUyMTJmMCUyMTNmMCUyMTNtMiUyMTFpMTAyNCUyMTJpNzY4JTIxNGYxMy4xJTIxM20zJTIxMW0yJTIxMXMweDg0MjhhYzVjNTljZDE4YmQlMjUzQTB4N2EyOGU1YTUzOTJjYjBhZiUyMTJzR3J1cG8lMjUyMEplcnBsYW4lMjE1ZTAlMjEzbTIlMjExc2VzLTQxOSUyMTJzbXglMjE0djE3MTc3MTM3MzQzNDQlMjE1bTIlMjExc2VzLTQxOSUyMTJzbXglMjIlMjB3aWR0aCUzRCUyMjYwMCUyMiUyMGhlaWdodCUzRCUyMjQ1MCUyMiUyMHN0eWxlJTNEJTIyYm9yZGVyJTNBMCUzQiUyMiUyMGFsbG93ZnVsbHNjcmVlbiUzRCUyMiUyMiUyMGxvYWRpbmclM0QlMjJsYXp5JTIyJTIwcmVmZXJyZXJwb2xpY3klM0QlMjJuby1yZWZlcnJlci13aGVuLWRvd25ncmFkZSUyMiUzRSUzQyUyRmlmcmFtZSUzRQ==\u00bb size=\u00bb600&#8243; css=\u00bb\u00bb][\/vc_column][\/vc_row][vc_row css=\u00bb.vc_custom_1458198549877{margin-bottom: 0px !important;}\u00bb][vc_column][vc_row_inner][vc_column_inner offset=\u00bbvc_hidden-xs\u00bb][\/vc_column_inner][\/vc_row_inner][vc_column_text css=\u00bb\u00bb css_animation=\u00bbbottom-to-top\u00bb] informaci\u00f3n de Contacto&#8230;<\/p>\n","protected":false},"author":1,"featured_media":0,"parent":0,"menu_order":0,"comment_status":"closed","ping_status":"closed","template":"","meta":{"footnotes":""},"class_list":["post-24390","page","type-page","status-publish"],"_links":{"self":[{"href":"https:\/\/wp.jerplan.com.mx\/index.php\/wp-json\/wp\/v2\/pages\/24390","targetHints":{"allow":["GET"]}}],"collection":[{"href":"https:\/\/wp.jerplan.com.mx\/index.php\/wp-json\/wp\/v2\/pages"}],"about":[{"href":"https:\/\/wp.jerplan.com.mx\/index.php\/wp-json\/wp\/v2\/types\/page"}],"author":[{"embeddable":true,"href":"https:\/\/wp.jerplan.com.mx\/index.php\/wp-json\/wp\/v2\/users\/1"}],"replies":[{"embeddable":true,"href":"https:\/\/wp.jerplan.com.mx\/index.php\/wp-json\/wp\/v2\/comments?post=24390"}],"version-history":[{"count":11,"href":"https:\/\/wp.jerplan.com.mx\/index.php\/wp-json\/wp\/v2\/pages\/24390\/revisions"}],"predecessor-version":[{"id":25439,"href":"https:\/\/wp.jerplan.com.mx\/index.php\/wp-json\/wp\/v2\/pages\/24390\/revisions\/25439"}],"wp:attachment":[{"href":"https:\/\/wp.jerplan.com.mx\/index.php\/wp-json\/wp\/v2\/media?parent=24390"}],"curies":[{"name":"wp","href":"https:\/\/api.w.org\/{rel}","templated":true}]}}